8
Let x(k) = -9*k - 81. Let t be x(-10). Let a(h) = h + 2. Give a(t).
11
Let v(j) = -1. Let c(f) = -f. Let l(h) = c(h) - 4*v(h). Suppose -3*u = 3*m - 43 - 29, 2*m + 4*u - 46 = 0. Suppose 0*w + w + 5 = 3*o, -4*w + m = 3*o. Give l(o).
1
Let l be 1/((6/4)/3). Let j(h) be the third derivative of 1/20*h**5 + 0*h**4 - 1/60*h**6 + 0 + 0*h - 34*h**2 + 0*h**3. Determine j(l).
-4
Let y(l) be the second derivative of l**4/12 + 13*l**3/6 + 11*l**2 + 140*l. Give y(-11).
0
Let p(v) = 16*v + 24. Let w(s) = -8*s - 14. Let k(f) = -3*p(f) - 5*w(f). What is k(1)?
-10
Let u(n) be the second derivative of -n**7/840 - 7*n**6/360 - 5*n**3 - 4*n. Let y(h) be the second derivative of u(h). Determine y(-7).
0
Let v be (-6 + 3)*-1*20/12. Suppose 0*c = -3*c - 9, 4*c = -2*y. Let a(d) = 2 - y*d + 3*d + 2. What is a(v)?
-11
Let t be -4 - -3 - (4 - 8 - -1). Let f(w) = 8 - 6 - 4*w - w**t + 2*w + w. Determine f(-2).
0
Let d(u) = -12*u**2 - u. Let i = -76 - -80. Let y(b) = b**2 + 3*b - 6. Let r be y(-5). Suppose 0*g - i*g - r = 0. What is d(g)?
-11
Let k(x) be the second derivative of x**5/20 - x**4/6 + x**3/2 + x**2/2 + 5*x + 120. What is k(3)?
19
Let p = 540 - 542. Let d(j) = 3*j - 2. What is d(p)?
-8
Let w(s) be the third derivative of -4*s**2 + 0 + 0*s - 1/6*s**3. Let r(b) = -b - 7. Let k(i) = r(i) - 6*w(i). What is k(5)?
-6
Let o(a) = 11*a + 4. Let l(z) = -39*z - 12. Let x(r) = -2*l(r) - 7*o(r). Give x(-11).
-15
Let r(c) = -143*c - 9*c**3 - c**2 + 2*c**3 + 144*c. Let k = -3 + 5. Suppose 0 = -3*y + y + k. What is r(y)?
-7
Let t(o) = o**3 - 4*o**2 + o + 4. Let s(j) = -j + 4. Let z be s(4). Let d be 3/(-2)*((-66)/18 - 3). Suppose z = 3*u - d + 1. Determine t(u).
-2
Suppose 23 = 12*i - 157. Let s(g) = i*g**2 - 7*g**2 - 3*g**2 - 7*g - 6*g**2. Calculate s(-7).
0
Suppose 4*d - 3*v - 1 - 7 = 0, 5*d = -5*v + 10. Suppose 4*g + b - 3 = -2, 4*g - 2 = -2*b. Suppose d*n = -g*n + 4. Let w(j) = 3*j - 1. Determine w(n).
5
Let t(a) = a**3 - 5*a**2 - 3. Let o = 2 + -4. Let n = 7 + o. Suppose -n*l = -5*z - 5, 4*l + 3*z - 36 = -z. Calculate t(l).
-3
Suppose -2*q - 62 = -64. Let a be (-9 - q) + 4*1. Let c(f) = f**2 + 5*f + 4. What is c(a)?
10
Let d(n) be the third derivative of n**4/24 + n**3/2 + 2*n**2 - 18. Give d(-3).
0
Let v be (44/(-18)*3)/((-2)/(-3)). Let c be (-6)/(-4)*(v + 9). Let n(o) be the third derivative of o**4/12 + 2*o**3/3 - 2*o**2. Determine n(c).
-2
Let l(i) = -7*i - 4. Suppose 53*x - 108 = -x. Calculate l(x).
-18
Let t(d) = d + 3. Let s be t(-1). Let m(k) = 0 + 3*k - s*k + 6 - 4. Give m(-3).
-1
Let m = -259 + 265. Let c = 13 + -10. Let q(r) = 4 + r + 2*r - 2*r - c*r. Calculate q(m).
-8
Let p be 5 - (-2 - -2 - -2). Suppose -4*h - q = 8, -3*q + 29 = -p*h + 2*q. Let b(f) = -f + 5 - 13 + 1 + 0. Give b(h).
-4
Let i(a) = a**3 + 9*a**2 + 5*a - 7. Let b = -1823 + 1816. Give i(b).
56
Let q(t) = t - 3. Let m(d) = -d + 1. Let j be m(-1). Suppose -2*u + 7 = x, -u + j*x = -23 + 7. Determine q(u).
3
Suppose -o = -0*v - v + 5, -4*o = 20. Suppose -3*z = -7*z + 20, 0 = 5*n + 5*z - 35. Let u(h) = -6 + 2*h**2 + 4 - n*h**2 - h**3. Calculate u(v).
-2
Let z be (-22)/(-3)*(-24)/(-44). Let l(n) = -11*n + 5. What is l(z)?
-39
Let r(l) = -l**3 + 9*l**2 + 67*l + 28. Let g be r(14). Let m(f) = f**2 + 15*f + 6. Give m(g).
-8
Let u(h) be the first derivative of -h**2/2 - 2*h + 1. Let p = -134 + 132. What is u(p)?
0
Suppose 202 = 4*h + 154. Let z(k) = -2*k**3 + 23*k**2 + 14*k - 15. What is z(h)?
9
Let c be 18*2/(-4)*1. Let q be (-2)/5 - c/(-15). Let t(l) = -15*l. Calculate t(q).
15
Suppose -2*m + 2 = 0, 12*m - 17*m + 35 = -5*g. Let t(y) = -2*y**2 - 9*y - 4. Give t(g).
-22
Let b(a) = -a - 19. Suppose -86 - 104 = -5*p. Suppose p*h = 37*h. What is b(h)?
-19
Let p(a) = -a**3 + 7*a**2 - 12*a. Let g be 12/(-54) - (585/(-81) - -4). What is p(g)?
0
Let p(z) = z - 23. Let d be 6 - (-7 - -5)*1. Calculate p(d).
-15
Suppose 30 = -34*n + 40*n. Let g(m) = -8*m + 26. Calculate g(n).
-14
Suppose 54 = -135*z + 129*z. Let o(n) = n**2 + 6*n - 4. Determine o(z).
23
Let a(u) = u**3 + 3*u**2 - 2*u - 3. Suppose -4*g + 8 = 3*r - 3, -5*r + 26 = -g. Let l be 0/(-3 - (g + -1)). Suppose -5*q + 0*q - 15 = l. Give a(q).
3
Let c(q) be the second derivative of q**6/360 - q**5/60 - q**4/24 - 29*q**3/6 + 33*q. Let i(x) be the second derivative of c(x). Give i(-1).
2
Let o(t) = -t**2 + 7*t. Suppose 2*i + 35 = 7*i. Let c(w) = -w + 9. Let h be c(i). Suppose -h*u - 2 = -14. Calculate o(u).
6
Let j(i) = -3 + 1 - 7*i + 6 - 227*i**2 + 228*i**2. Give j(5).
-6
Let c(x) = x**2 - 11*x + 6. Let z be c(9). Let m be 2/10 - z/(-10). Let v(f) = -12*f. Calculate v(m).
12
Let k = -2570 + 2570. Let z(l) = 0*l + 6 + l - 2. What is z(k)?
4
Let k = 1 - -4. Let z(l) = 8 + 10 + 2*l**3 - l + 0*l**3 + 12*l**2. Let q(u) = u**3 + 6*u**2 - u + 9. Let h(n) = k*q(n) - 3*z(n). Calculate h(-6).
3
Suppose -3*q + 15 = 6. Let w(x) = -9 + 6*x**3 + 0*x - x + 11*x**q - 16*x**3 + x**2. Determine w(0).
-9
Let f(o) = 15. Let d(v) = 4*v - 32. Let g(j) = 2*d(j) + 5*f(j). Give g(-5).
-29
Suppose 15 + 0 = -5*x. Let f be (7 + -4)/3 + x. Let c(i) = i**2 + i - 2. What is c(f)?
0
Suppose -4*b + 99 = -7*b. Let g = 9 - -21. Let a = b + g. Let j(s) = s**3 + 4*s**2 + s. What is j(a)?
6
Let q(v) = v**3 + 7*v**2 - 8*v + 1. Let h(p) = -2*p**2 + 4*p + 1. Let b be h(4). Let u = b + 11. Let c be (1 - -11)*u/6. Give q(c).
1
Let h(f) = -f + 1. Suppose -4*d - 22 = -v, -v - 4*v + 25 = -3*d. Let y be (d + 1)*(-2 - -1). Suppose 2*w - 5 = 3*r - 4*r, 8 = y*r - 4*w. Give h(r).
-2
Let p(h) be the third derivative of -h**5/60 + h**4/12 - h**3/3 + 6*h**2. Let l be p(1). Let s(y) = 16*y**3 - 2*y**2 - 2*y - 1. Give s(l).
-17
Suppose 2*q - 4 = -21*r + 20*r, -12 = -q - 3*r. Let k(i) = -i**3 + 2*i**2 - 2*i + 3. Give k(q).
3
Let q(b) be the second derivative of -b**4/24 - b**3/6 - b**2 + 5*b. Let n(v) be the first derivative of q(v). What is n(-6)?
5
Let a(w) be the third derivative of -w**4/24 - w**3/2 - 35*w**2 - 1. Calculate a(-3).
0
Let s(o) = -2*o - 10. Let h = -278 + 271. What is s(h)?
4
Let n(o) = 3*o - 5. Let v be (-2)/6*-3 - -1. Let m be n(v). Let r(p) = 5 - 2 - m - p - 1. Determine r(2).
-1
Let x(q) be the second derivative of -13*q**3/6 + q**2/2 - 4*q + 15. Let v = 7 - 8. Determine x(v).
14
Let m = -3484 + 3489. Let l(f) = -f**2 + 3*f - f**3 + 3 + 3*f + 5*f**2. Determine l(m).
8
Let r be (0 + 1)*(-110)/10. Let a(z) = -z**3 - 10*z**2 + 8*z - 9. Determine a(r).
24
Let p(d) = 381*d - 754*d + 376*d + 1. Let h = -8 + 14. Suppose h = 4*y - y. What is p(y)?
7
Let c(h) = h**3 + 4*h**2 - 2*h + 9. Suppose -70*b = -75*b + 5*l - 35, l - 27 = 5*b. Give c(b).
-6
Let a(f) = f. Suppose -4*j + 101 = -415. Let b = -127 + j. Calculate a(b).
2
Let q(n) = -n**3 + n**2 - 1. Let o(s) = -3*s**3 + 7*s**2 - 3*s - 6. Let z be 1/10*6 + (-4)/(-10). Let i(y) = z*o(y) - 2*q(y). Give i(3).
5
Suppose 3*t - 3 = -3*o, -t + 4*o = -4*t + 2. Let u(m) = 20*m - 14*m - 3*m**3 + 4*m**2 + 1 + 4*m**3 - 10*m**t. Let y be 3/((-6)/10)*-1. Determine u(y).
6
Let n(f) be the third derivative of f**4/24 - f**3/6 - f**2. Let c(k) = -132*k**2 + 1. Let y be c(1). Let t = y - -125. What is n(t)?
-7
Let n(b) = -8*b**3 + 5*b**2 + 6. Let m(c) = -7*c**3 + 5*c**2 + 5. Let v(r) = -7*m(r) + 6*n(r). Determine v(5).
1
Suppose 6*i + 29 = 53. Let b(m) be the first derivative of -m**2 + 4*m - 1. Give b(i).
-4
Let g(t) = 1 + t + 2 + 2 + t**2 + 5. Suppose 5*l = 4*l. What is g(l)?
10
Suppose -4*v - 5*h = -2*h - 27, -2*h = -2. Let x(z) = z**2 - 6*z - 3. Calculate x(v).
-3
Let a(f) = -4*f**3 + 51*f**2 - 37*f + 7. Let t be a(12). Let q(k) = k**2 - 6*k + 5. Let p be q(6). Let v(i) = 2*i + p + 0*i + 2. Calculate v(t).
-3
Let b(t) be the second derivative of -1/12*t**4 + 6*t + 5*t**2 - 2/3*t**3 + 0. Give b(-7).
-11
Let g(q) = q - 1. Suppose 5*j - 2*x + 5*x - 39 = 0, 2*j = -5*x + 8. Let v = 10 - j. Give g(v).
0
Let u(o) = -64*o + 73*o**2 - 146*o**2 + 63*o + 77*o**2. Determine u(1).
3
Suppose -3*s - 25 = -4*m, -3*m = 2*s + 4 - 27. Let w(p) = m*p + 1 + 12*p - 20*p. Determine w(-8).
9
Let z(a) be the second derivative of a**5/20 + a**4/12 - a**3/6 + 3*a**2/2 + 569*a. Calculate z(-4).
-41
Let p(i) = -i**2 + 2*i + 6. Let b(v) = v**3 - v + 20. Let f be b(0). Suppose -4*o = -f - 0. Calculate p(o).
-9
Suppose -999*b = -998*b - 4. Let u(z) = -z**2 + 5*z. Calculate u(b).
4
Let v(m) be 